is the tens digit of (1150 - 18)*(-35)/(-20)?
8
Suppose -w - 256 = 5*l, -27*l = -24*l + 12. Let q = w - -472. What is the tens digit of q?
3
Let c = 82 - 82. Let a be 2/6*c/(-12). Suppose 3*r - 2*q + 4*q - 509 = a, 0 = 5*r + 2*q - 855. What is the hundreds digit of r?
1
Let k be 33/(-22) + 10/(-4). What is the hundreds digit of (2/k)/((-8)/2688)?
1
Let j = 16732 + 956. What is the ten thousands digit of j?
1
Suppose -105282 - 47208 = -8*y - 7*y. What is the ten thousands digit of y?
1
Suppose 103*v + 5685 = 5*i + 106*v, 3405 = 3*i + 3*v. What is the thousands digit of i?
1
Let v(f) be the third derivative of -f**6/120 - 3*f**5/4 - 25*f**4/6 - 9*f**3/2 - 46*f**2. What is the units digit of v(-43)?
5
Let b = 98 + -93. Suppose -3*p + b*n = -350, -3*p - 67 = -4*n - 416. Let u = -32 + p. What is the tens digit of u?
8
Let v = 113273 - 61588. What is the hundreds digit of v?
6
Let g(a) = -a**3 + 9*a**2 - 9*a + 8. Let u be g(8). Suppose 2*h - 44 = 5*k, 22 = h - k - u*k. Suppose -17*i + h*i = 520. What is the tens digit of i?
0
Let p = 6229 - -22430. What is the ten thousands digit of p?
2
Let j = -534 + 1643. Let q = -494 + j. What is the tens digit of q?
1
Let m(t) = 950*t**2 - 10*t - 20. What is the tens digit of m(8)?
0
Suppose -52*p = -56*p + 20. Suppose -p*j - 845 + 2815 = 0. What is the hundreds digit of j?
3
Suppose -3*k = 5*w - 191, 0*w + w = 5*k + 27. Let m = 37 - w. Suppose m = 5*x + 5*i - 460, 4*x - 251 = 4*i + 141. What is the units digit of x?
5
Suppose 0 = -3*g - 150 + 363. Suppose -4 = -2*d, -d + g = c - 4*d. What is the tens digit of c?
7
Suppose 468*j - 80*j - 10065368 - 887484 = 0. What is the ten thousands digit of j?
2
Let v = -235 + 240. Suppose 1808 = v*z - 4887. What is the thousands digit of z?
1
Let k(v) be the third derivative of -53*v**4/24 + 31*v**3/3 + 41*v**2. What is the tens digit of k(-14)?
0
Suppose 0 = -2*z - 4 + 12, 0 = -n - 4*z + 20. Suppose -n*m = -5*j - 3*m + 2923, -8 = -4*m. What is the tens digit of j?
8
Suppose -13*f = -29 - 23. Suppose 0 = 9*t - f*t - 70. What is the tens digit of t?
1
Suppose -12 = -6*f - 0*f. Let m be 3 - (1 - 36) - f/(-1). Suppose m*z - 500 = 36*z. What is the units digit of z?
5
What is the units digit of (-1886353)/(-539) - (-9)/33?
0
Suppose o - 3*s = -16, 4*o + 0*s + 44 = 2*s. What is the hundreds digit of -5 + o*47/(-1)?
4
Let y(c) = 68*c**2 + 159*c - 37. What is the units digit of y(-6)?
7
Suppose -7*k + 6 = -4*k. Suppose 0 = -4*c - 2*q + k, -3*q - 6 - 11 = -4*c. Suppose 4*w + 0*w - c*r - 298 = 0, -w = 4*r - 61. What is the tens digit of w?
7
Suppose 5*y - 3*p - 89327 = 0, 35718 = 2*y - 84*p + 86*p. What is the ten thousands digit of y?
1
Suppose -7*o - 1625 = -12*o. Suppose 149 = m + 2*u, -4*u = -2*m + u + o. Let g = -95 + m. What is the tens digit of g?
6
Let g(f) = -4 - f + 4*f + 25 - f + 2*f**2 + 6*f. Let d = 13 - 18. What is the units digit of g(d)?
1
Let g = 154 + -154. Suppose -4*h + 3*p = p - 1222, g = 3*h - 5*p - 906. What is the units digit of h?
7
Let u be (0 + (-40)/70)*-7. Suppose x - 4*f = 311, 4*x + f - 1740 + 428 = 0. Suppose -401 = -u*m + x. What is the units digit of m?
2
Let x(i) = 10*i - 46. Let y be x(-13). Let n = y + 383. What is the units digit of n?
7
What is the ten thousands digit of -13 + 7 + 16741 - (-1)/1?
1
Suppose -4*c - 3304 = -20248. What is the hundreds digit of c?
2
Let k(g) = -18*g**3 - 10*g**2 + 17*g - 18. Let l(m) = 17*m**3 + 9*m**2 - 15*m + 19. Let f(s) = -5*k(s) - 6*l(s). What is the hundreds digit of f(-5)?
3
Suppose -27*v = -575*v + 2670952. What is the hundreds digit of v?
8
What is the units digit of -1*(-9 + 341/22)*3024/(-2)?
8
Suppose l - 5*u - 203 = 520, -2*l = -4*u - 1470. Suppose 3*r = 2 + 13, 4*j + 3*r - l = 0. What is the tens digit of j?
8
Suppose 5*r = 20, -161 + 50 = f + 2*r. Let n = 67 + f. Let g = 110 - n. What is the tens digit of g?
6
Let i(c) = c**2 + 7*c - 3. Let u be i(-8). Let n(h) = h**3 - 5*h**2 + 3*h - 6. Let y be n(u). What is the units digit of 4/(-12) + (786/y)/1?
7
Let a = 242 + -90. Suppose -f - 2*v - 26 = 0, -3*f - a + 39 = -v. Let s = 16 - f. What is the tens digit of s?
5
What is the tens digit of (-4)/(-24) + 147749/42?
1
Let r be 2 + (-5)/(10/12). What is the tens digit of (50/r)/(-3 + (-904)/(-304))?
7
Let z = -4464 - -4416. Let b(u) = -51*u - 1. Let a be b(4). Let j = z - a. What is the hundreds digit of j?
1
Suppose 2*a - 2*s - 3486 = 0, -28*s = -27*s - 3. What is the hundreds digit of a?
7
Let w be -1*3207/(-21) - (-2)/7. What is the tens digit of -3 + w - (5 - 0)?
4
Suppose 5*k + n = 61, -42 = -4*k - 3*n + 9. Suppose 0 = t + 5*u - 14, -6*t + t = -4*u - k. What is the tens digit of 4/(t - 20) - 705/(-4)?
7
Suppose 133 = -129*j + 136*j. Suppose j*p = 23*p - 3*h - 2305, -5*h = p - 559. What is the units digit of p?
4
Let w = 52474 + -26626. What is the tens digit of w?
4
Suppose -5*l + 3181 + 4214 = 0. Suppose 6*g = 549 + l. What is the units digit of g?
8
Suppose -4*l + 5*i = -19, -i + 3 = -l + 8. Let u(d) = 41*d - 40. What is the units digit of u(l)?
6
Let n(w) = w. Let h(c) = 9*c**2 + 23*c - 148. Let k(q) = h(q) + 5*n(q). What is the tens digit of k(5)?
1
Suppose 2*b + 24 = 5*s - s, -2*s + 5*b + 28 = 0. Suppose -2*u - 1764 = -5*p, s*u + 4 = 2*u. What is the units digit of p?
2
Let x(m) = 3*m - 21. Let g be x(9). Suppose -1817 = -g*c - 401. What is the hundreds digit of c?
2
Let g(m) = 60*m + 3263. What is the hundreds digit of g(-40)?
8
Suppose 50 = -c + 11*c. Suppose 15 = c*l, 0 = 4*f + 2*l - 1047 - 139. What is the tens digit of f?
9
Let q(w) = 26*w**3 - 3*w**2 + 2*w - 1. Let u be q(2). Let o be (0 + 4)*((-41)/2 + -4). Let h = o + u. What is the tens digit of h?
0
Let s(c) = c**2 - 7*c + 6. Let i be s(6). Let y be i + (-5 - (1 + -2)) - -1. What is the hundreds digit of 1*y/9*(-1578)/2?
2
Let r(s) = s**2 + 12*s + 9. Let a be r(-15). Let h(o) = 29*o - 8. Let p be h(2). Suppose -b + a = -p. What is the hundreds digit of b?
1
Let d = 544 - 539. Suppose -i - d = 0, -5*i + 8*i + 4535 = 5*z. What is the units digit of z?
4
Let a(b) = -b**2 + 41*b - 115. Suppose 0 = -w - 5*p + 13, -4*p - 8 + 4 = 0. What is the hundreds digit of a(w)?
2
Suppose -173 = 8*y + 7875. Let t = y + 1432. What is the tens digit of t?
2
Let q = 10870 + -7916. What is the thousands digit of q?
2
Let l = -180 + 175. Let g(q) = -q**2 - 31*q - 4. What is the units digit of g(l)?
6
Suppose 5*h - v - 201 = -3*v, -4*v - 49 = -h. Let n be 0 - 39 - (8 + 45/(-5)). Let l = h + n. What is the units digit of l?
3
Let o = 52 + 18. Suppose 71*l - o*l = 22. What is the units digit of l?
2
What is the thousands digit of ((-16258)/(-4))/(22/44)?
8
Suppose 4*m - 7183 = -f, 4*f = -m + 1154 + 638. Let w = m + -1008. What is the units digit of w?
8
Let m(u) = 69*u**2 - 11*u - 18. Let f be m(8). Suppose -82*c = -72*c - f. What is the tens digit of c?
3
Let f(t) = 2*t**2 + 38*t + 143. Let g be 26/(4/(-5 - -1)). What is the hundreds digit of f(g)?
5
Suppose -3*s = -s - 4*x - 24, -20 = -5*s + 2*x. Let t = -252 - -283. Suppose s*c - t = 79. What is the tens digit of c?
5
Let r(k) be the second derivative of 5/2*k**2 + 1/3*k**3 - 17*k + 0. What is the units digit of r(19)?
3
Let y(d) = d**2 - 6*d + 3. Let v be y(6). Suppose 0 = -5*z + o + 40, 0 = v*z - 5*o - 1 - 45. Suppose -96 = -c + z. What is the hundreds digit of c?
1
Suppose -258 = -5*s + 122. Let z = s - -188. What is the tens digit of z?
6
Let y(j) = 470*j**2 - 4*j - 2. Let l be y(-1). Let b = l - 455. What is the units digit of b?
7
Let i be (134/6)/((-5)/(-15)). Let j = i - 27. Suppose -180 - j = -v. What is the tens digit of v?
2
Suppose r + 2*r = o + 150, 2*o - 2*r + 320 = 0. Let k = -28 - o. What is the tens digit of k?
3
What is the tens digit of (-716*(7 - 8))/(6/786)?
9
Let i(v) = -2*v + 11. Let o be i(6). Let g be (2/(-3))/(o + (-2)/(-6)). What is the units digit of (g + (-4)/8)*124?
2
Suppose -2574 = 2*n - v + 3239, 2*n + 3*v = -5809. What is the hundreds digit of 2/(-10) + n*13/(-65)?
5
Let l = -12 - -13. Let y = 489 - 1157. What is the tens digit of y/(-9)*l - 8/36?
7
Suppose 0 = 3*k + 2*s - 1079, 53*k - 3*s + 362 = 54*k. What is the tens digit of k?
5
Suppose -25*l + 3884 - 3332 = -4498. What is the tens digit of l?
0
Let h be 629/102 + (-2)/12. Let x be (h - 6)*1/(-1). Suppose -5*a + 45